h be t(w). Let b = h - -32. Let n(k) = -k. Give n(b).
10
Let j(t) = t**3 - 27*t**2 + 24*t + 54. Let z be j(26). Let f(p) = -3*p - 2*p**2 - 3*p**2 + 10*p**2 - z - 4*p**2. Give f(4).
2
Let i(h) = -351*h - 2457. Let x be i(-7). Let t(d) = -7*d - 20. Determine t(x).
-20
Let a(v) be the second derivative of -v**5/60 - v**4/8 + v**3/2 - 113*v**2 + 5*v. Let m(z) be the first derivative of a(z). What is m(-3)?
3
Suppose 174*g + 321 - 72 + 1143 = 0. Let a(k) = 10*k + 92. Determine a(g).
12
Let i(t) = -5*t**2 + t + 2. Let l(q) = -q**2 - 4*q - 12. Let a be l(-5). Let s = a - -16. Let y be i(s). Let b(f) = -3*f - 2. Give b(y).
10
Let x(o) = -2*o - 8. Let p(m) = m**2 + 4*m - 26. Let w(i) = i**2 + 10*i + 8. Let b = 20 + -28. Let t be w(b). Let a be p(t). Determine x(a).
-20
Let b(t) = 6*t**2 + 32*t + 4. Let y be b(-5). Let j be 2*(15/y)/1. Let u(c) = -11*c + 7 + 2*c - 3*c**3 - 5*c**2 + 12*c + 2*c**3. Calculate u(j).
-8
Suppose 2*t + 46 = -21*t. Let c be 0 - (-1 - t - (-9 - -9)). Let v(u) = 4*u**2 + u. Determine v(c).
3
Let g(a) = 13*a**2 + 6*a + 6. Let r(i) = -11*i**2 - 7*i - 7. Suppose 60*z - 59*z = -5. Let u(l) = z*g(l) - 6*r(l). What is u(-8)?
-20
Let j(y) = -y**3 - 5*y**2 + 2*y + 18. Let p be j(-5). Let n(u) = 3*u - 22. Let f be n(p). Let o(c) = 38*c - 39*c + 3 - f. Calculate o(-2).
3
Let t(h) = 1 + 17 - 21 - 7*h. Let c(w) = 38*w + 16. Let n(x) = -2*c(x) - 11*t(x). What is n(2)?
3
Let m = 33031 - 33027. Let z(t) = 4*t**2 - 10*t - 13. What is z(m)?
11
Let y(i) = i**3 - 6*i**2 + 7*i - 2. Let u be (-18)/2 - (-39 - (-26 + 3)). Give y(u).
96
Let u(f) = -16*f**3 + 24*f**2 - 30*f - 51. Let x(t) = -5*t**2 - 6*t + 10 + 2*t + 3*t**3 + 8*t + 2*t. Let k(q) = 2*u(q) + 11*x(q). Let j = 5 + 1. What is k(j)?
8
Let q(z) be the second derivative of -z**5/20 + z**4/3 + z**3/6 - 5*z**2 - 2302*z. Give q(3).
2
Let v(h) = 9*h**2 - 5*h + 3. Let i(o) = -13*o**2 + 3*o - 4. Let w(z) = 2*i(z) + 3*v(z). Calculate w(8).
-7
Let m(q) = 13*q**3 + q - 16. Let o(l) = 54*l**3 - l**2 + 6*l - 65. Let h(z) = 25*m(z) - 6*o(z). Calculate h(-8).
-50
Let l(p) = 192*p**2 - 33*p + 33. Let m(q) = -46*q**2 + 8*q - 8. Let w(a) = 5*l(a) + 21*m(a). Determine w(-2).
-33
Let n(w) be the third derivative of -w**5/10 + 7*w**4/24 - 4*w**3/3 + 2*w**2 - 2014. What is n(3)?
-41
Let s(x) = -x**2 - 4*x + 3. Suppose 0 = 4*n - 3*n - 11. Suppose -8*y - 42 = -n*y. Let t be (-4)/8 + y/(-4). Determine s(t).
3
Let z(q) = -9*q**3 + 54*q**2 + 80*q + 24. Let a(b) = -4*b**3 + 27*b**2 + 36*b + 13. Let w(k) = 13*a(k) - 6*z(k). What is w(-14)?
-3
Let u(k) = -64*k - 2. Let a = 1681 - 1680. What is u(a)?
-66
Let h(o) = -4*o + 49. Let l be (7370/935)/67 + 268/34. Give h(l).
17
Let o(n) = 11*n + 15. Suppose -46*d - 78 = -33*d. Let c(r) = -12*r - 19. Let j(t) = d*o(t) - 5*c(t). Determine j(5).
-25
Suppose -4*y + 11 + 19 = -3*n, 0 = y + 2*n - 2. Let s(d) = -d + 3. Let w(k) = -1854 + 3695 + k - 1843. Let v(p) = y*w(p) + 5*s(p). What is v(-7)?
-4
Let s(o) = -12*o**3 + 430 - 420 + 4*o**3 - o**2 + 6*o**3. Determine s(0).
10
Let q be -3 + -2 - 6/(30/(-35)). Let z(n) = 9 - 22*n**2 - 6*n + 16*n**q - n**3 - 18. Give z(-6).
27
Let i(v) be the third derivative of -v**4/8 - 13*v**3/3 - v**2 + 289. Calculate i(-10).
4
Let v(z) = z**3 + 7*z**2 - 7*z - 6. Suppose 20*q - 18*q = -6, -q - 443 = -4*w. Suppose -2*r + 94 - w = 0. What is v(r)?
-14
Suppose -4*f + 0*f + 7 = 5*c, -2*c + f - 5 = 0. Let r(o) = 6*o**2 - 11*o + 23. Let t(n) = n**2 - n + 4. Let p(l) = c*r(l) + 5*t(l). Give p(6).
-3
Let h(w) = -17*w**2 + 9*w + 31. Let a(x) = 49 - 32 - 28 + 6*x**2 - 3*x. Let k(v) = -11*a(v) - 4*h(v). Determine k(4).
17
Let d be (64/160)/((-213)/105 - (0 + -2)). Let o(c) = -38*c - 542. Calculate o(d).
-10
Let t(w) be the second derivative of 1/2*w**2 - 2*w + 3/10*w**5 - 1/3*w**3 + 1/12*w**4 + 15. What is t(1)?
6
Let a(p) be the second derivative of p**4/4 + 3*p**3 + 4*p**2 + 2364*p. Give a(-6).
8
Let j = 26288 + -26265. Let t(g) = g**2 - 18*g - 58. Determine t(j).
57
Let g(n) = -n**2 + 2. Let c be (-2)/((-4)/(-6)) - (-10)/2. Suppose 0 = 3*l - 6, -11*s - l + c = -7*s. Give g(s).
2
Suppose -5*l = -2*o + 6*o - 34, 0 = -3*l + 2*o + 38. Suppose -12*p - 4 = -l*p. Let s(j) = -3*j**3 + 3*j - 5*j - j**2 + 2*j**3. Calculate s(p).
8
Let o(p) be the second derivative of p**7/840 - 11*p**6/360 + p**5/10 - p**4/12 - 16*p**3 - 30*p. Let q(l) be the second derivative of o(l). Give q(10).
18
Let y(i) = i**3 - 17*i**2 - 47*i - 13. Let z be y(20). Let n = z + -250. Let w(m) = m**2 + 4*m + 3. Calculate w(n).
0
Let f(d) be the first derivative of -d**4/24 + d**3/2 + 10*d**2 + 6. Let t(r) be the second derivative of f(r). Suppose 2*v = -3*v + 20. Give t(v).
-1
Suppose 0 = -7*m + 17*m - 20. Let c(n) be the second derivative of -8*n - 7/6*n**3 + 1/12*n**4 + 0 + n**m. What is c(5)?
-8
Let i(n) = -n**2 - 33*n - 271. Let j be i(-14). Let l(x) = -x**3 - 6*x**2 - 2*x + 18. Give l(j).
3
Let a be 501/(-4)*8/(-6). Suppose -11*j = -163 - a. Suppose -35*c + 15 = -j*c. Let k(x) = 2*x**3 - 5*x**2 + 4*x. Give k(c).
21
Let m(a) be the second derivative of a**4/12 + a**3/3 - 3*a**2/2 + 3177*a. Let z = 30 + -27. Calculate m(z).
12
Let h = 10 + -2. Let a be 1*4*6/3. Let q(n) = -3*n + 0*n - 3*n**2 - 4 + n + 2*n**2 + a*n. Determine q(h).
-20
Let x(d) = -d**3 + 2*d**2 + d - 2. Let r be 1830/(-4)*(3 - 63/15). Let g be 6/8 + r/244. Calculate x(g).
-8
Suppose -8 = 4*i - 12. Suppose -5*w = -24 - i. Let n(y) = 166*y**3 + 2 + 7*y - 165*y**3 - 7*y**2 + y**2. Give n(w).
12
Let l(s) be the second derivative of 5*s**4/12 - 5*s**3/6 + 9*s**2/2 + 297*s. What is l(2)?
19
Suppose -5*a + a - 20 = 0. Let p(b) be the second derivative of -5*b + 1/6*b**3 + 1/2*b**2 + 0. Calculate p(a).
-4
Let x(u) = 3*u. Let m(i) = -15*i + 9*i + 17*i. Let a(p) = 4*m(p) - 14*x(p). Let f = -6 - -11. What is a(f)?
10
Suppose x - 2*i = -4*i + 17, -5*x - 2*i + 69 = 0. Let z = 144 + -158. Let h = x + z. Let u(m) = -8*m**3 - 2*m - 1. Give u(h).
9
Let c(o) = o**3 - 8*o**2 - 13*o - 2. Let f be 30/5*(-30)/(-20). Give c(f).
-38
Let s = -1 + 28. Let d(q) = -s + 53 - 17 - 3*q. Let k be d(6). Let f(z) = -z**3 - 10*z**2 - 10*z. Calculate f(k).
9
Let r(w) = 13*w - 574. Let y(p) = 5*p - 191. Let a(z) = 6*r(z) - 17*y(z). Give a(-29).
6
Let l(z) = z**3 - 1. Let y(i) = 12*i**3 + 12*i**2 + 3*i + 1. Let o(t) = -5*l(t) + y(t). Let b(h) = h**3 + 2*h**2 + h + 1. Let a(g) = -6*b(g) + o(g). Give a(-3).
-18
Let u(k) = k**3 + 5*k**2 - 48*k - 5. Let d be u(5). Let v(b) = -b**3 + 5*b**2 - 4*b - 1. Give v(d).
-21
Let n(g) be the second derivative of g**5/4 + g**4/6 - 5*g**3/6 - 3*g**2 - g + 6. Calculate n(-1).
-4
Let c(x) = 0 + 9*x - 4*x + 3 - 4. Let l = 65 - 76. Let a be (-7 - l) + 1*-2. Calculate c(a).
9
Suppose -3 = 8*g + 5. Let y = g + 4. Let h(a) = 3 - 3 - a**3 + 3*a + 3 - 4*a + 3*a**2. Calculate h(y).
0
Let u be 315/(-2)*4/(-5). Let a = u + -132. Let j(p) = -p**3 - 6*p**2 + 4*p - 1. Give j(a).
-25
Suppose 3*r = r + 9*h + 20, 0 = -r + 3*h + 4. Let n(q) = -q**2 - 8*q + 12. What is n(r)?
12
Let u(m) = m**2 - 32*m + 91. Let d = -508 + 511. Let w be u(d). Let r(i) = i**3 - 3*i**2 - 5*i. What is r(w)?
-4
Let c(z) = -11*z - 40. Suppose -4*r = 2*p - 460 + 454, 12 = 4*r. Calculate c(p).
-7
Let x = -543 + 549. Let q(c) = 9*c - 7. Let p(o) = 13*o - 10. Let d(l) = -5*p(l) + 7*q(l). Let i(t) = 4*t - 3. Let r(w) = x*i(w) + 14*d(w). Determine r(-5).
16
Let t(h) = -1794*h + 899*h + 896*h - 5. Give t(14).
9
Let l(b) = -7*b**2 + 7*b - 3. Let i(h) = -11*h**2 + 10*h - 4. Let k(p) = -5*i(p) + 8*l(p). Let f(j) = 2*j**2 + 1. Let s be f(1). Give k(s).
5
Let g(a) = a**3 - 3*a**2 + 3*a - 1. Let l be ((-3)/(-14)*4)/(25/(-175)). Let h be (l/15)/((-9)/135). Suppose 5*u - 4 = h. Calculate g(u).
1
Let z be (192/(-30))/(-16) + 14/(-10). Let k(w) = 15*w**2 + 1. Give k(z).
16
Suppose -5*n = 5*y - 465, -n + 84 - 567 = -5*y. Let h(b) = -97*b + 9 + 0 + y*b. Calculate h(7).
2
Let k(q) be the third derivative of -13*q**4/3 + 68*q**3 - 6689*q**2. Determine k(4).
-8
Let o(m) = -m**2 - 6*m + 4. Let g be o(-7). Let v = g + -3. Let l(x) be the second derivative of -x**5/20 - x**4/2 - x**2/2 - 1490*x. Give l(v).
-1
Let i(n) = 3*n**3 + 6*n**2 - 6*n - 7. Let q(u) = 14*u**2 - 29*u + 13*u**2 - 34 + 10*u**2 + 16*u**3 - 7*u**2. Let z(l) = 11*i(l) - 2*q(l). Give z(-7).
-2
Let m(i) = 16*i - 66. Let w(l) = -16*l 